{"id":23675,"date":"2023-09-05T08:40:16","date_gmt":"2023-09-05T05:40:16","guid":{"rendered":"https:\/\/penhad.com\/etkinlik\/19th-international-marmaris-folk-fest-2023\/"},"modified":"2023-09-05T08:57:58","modified_gmt":"2023-09-05T05:57:58","slug":"19th-international-marmaris-folk-fest-2023","status":"publish","type":"tribe_events","link":"https:\/\/penhad.com\/en\/etkinlik\/19th-international-marmaris-folk-fest-2023\/","title":{"rendered":"19th International Marmaris Folk Fest &#8211; 2023"},"content":{"rendered":"<p>XIX. International Marmaris Folk Fest will be held between 29 August &#8211; 2 September 2023 by Gala Art Folk. During the festival the groups will perform their dances, sing songs, participate in the activities and introduce their own cultures. They will visit the historic and touristic places of the beautiful region and make new friends with the world youths.<\/p>\n","protected":false},"excerpt":{"rendered":"<p>XIX. International Marmaris Folk Fest will be held between 29 August &#8211; 2 September 2023 by Gala Art Folk. During the festival the groups will perform their dances, sing songs,&hellip;<\/p>\n","protected":false},"author":1,"featured_media":23671,"template":"","meta":{"content-type":"","inline_featured_image":false,"_tribe_events_status":"","_tribe_events_status_reason":"","footnotes":""},"tags":[],"tribe_events_cat":[261],"class_list":["post-23675","tribe_events","type-tribe_events","status-publish","has-post-thumbnail","hentry","tribe_events_cat-festivals","cat_festivals"],"yoast_head":"<!-- This site is optimized with the Yoast SEO plugin v27.4 - https:\/\/yoast.com\/product\/yoast-seo-wordpress\/ -->\n<title>19th International Marmaris Folk Fest - 2023 - PENHAD | Pendik Halk Danslar\u0131 Toplulu\u011fu Derne\u011fi<\/title>\n<meta name=\"robots\" content=\"index, follow, max-snippet:-1, max-image-preview:large, max-video-preview:-1\" \/>\n<link rel=\"canonical\" href=\"https:\/\/penhad.com\/en\/etkinlik\/19th-international-marmaris-folk-fest-2023\/\" \/>\n<meta property=\"og:locale\" content=\"en_US\" \/>\n<meta property=\"og:type\" content=\"article\" \/>\n<meta property=\"og:title\" content=\"19th International Marmaris Folk Fest - 2023 - PENHAD | Pendik Halk Danslar\u0131 Toplulu\u011fu Derne\u011fi\" \/>\n<meta property=\"og:description\" content=\"XIX. International Marmaris Folk Fest will be held between 29 August &#8211; 2 September 2023 by Gala Art Folk. During the festival the groups will perform their dances, sing songs,&hellip;\" \/>\n<meta property=\"og:url\" content=\"https:\/\/penhad.com\/en\/etkinlik\/19th-international-marmaris-folk-fest-2023\/\" \/>\n<meta property=\"og:site_name\" content=\"PENHAD | Pendik Halk Danslar\u0131 Toplulu\u011fu Derne\u011fi\" \/>\n<meta property=\"article:publisher\" content=\"https:\/\/facebook.com\/penhadfolklor\" \/>\n<meta property=\"article:modified_time\" content=\"2023-09-05T05:57:58+00:00\" \/>\n<meta property=\"og:image\" content=\"https:\/\/penhad.com\/wp-content\/uploads\/2023\/09\/6_XIX_Afis_Ekim_23-1-1130x650-1.jpg\" \/>\n\t<meta property=\"og:image:width\" content=\"1130\" \/>\n\t<meta property=\"og:image:height\" content=\"650\" \/>\n\t<meta property=\"og:image:type\" content=\"image\/jpeg\" \/>\n<meta name=\"twitter:card\" content=\"summary_large_image\" \/>\n<script type=\"application\/ld+json\" class=\"yoast-schema-graph\">{\"@context\":\"https:\\\/\\\/schema.org\",\"@graph\":[{\"@type\":\"WebPage\",\"@id\":\"https:\\\/\\\/penhad.com\\\/en\\\/etkinlik\\\/19th-international-marmaris-folk-fest-2023\\\/\",\"url\":\"https:\\\/\\\/penhad.com\\\/en\\\/etkinlik\\\/19th-international-marmaris-folk-fest-2023\\\/\",\"name\":\"19th International Marmaris Folk Fest - 2023 - PENHAD | Pendik Halk Danslar\u0131 Toplulu\u011fu Derne\u011fi\",\"isPartOf\":{\"@id\":\"https:\\\/\\\/penhad.com\\\/#website\"},\"primaryImageOfPage\":{\"@id\":\"https:\\\/\\\/penhad.com\\\/en\\\/etkinlik\\\/19th-international-marmaris-folk-fest-2023\\\/#primaryimage\"},\"image\":{\"@id\":\"https:\\\/\\\/penhad.com\\\/en\\\/etkinlik\\\/19th-international-marmaris-folk-fest-2023\\\/#primaryimage\"},\"thumbnailUrl\":\"https:\\\/\\\/penhad.com\\\/wp-content\\\/uploads\\\/2023\\\/09\\\/6_XIX_Afis_Ekim_23-1-1130x650-1.jpg\",\"datePublished\":\"2023-09-05T05:40:16+00:00\",\"dateModified\":\"2023-09-05T05:57:58+00:00\",\"breadcrumb\":{\"@id\":\"https:\\\/\\\/penhad.com\\\/en\\\/etkinlik\\\/19th-international-marmaris-folk-fest-2023\\\/#breadcrumb\"},\"inLanguage\":\"en-US\",\"potentialAction\":[{\"@type\":\"ReadAction\",\"target\":[\"https:\\\/\\\/penhad.com\\\/en\\\/etkinlik\\\/19th-international-marmaris-folk-fest-2023\\\/\"]}]},{\"@type\":\"ImageObject\",\"inLanguage\":\"en-US\",\"@id\":\"https:\\\/\\\/penhad.com\\\/en\\\/etkinlik\\\/19th-international-marmaris-folk-fest-2023\\\/#primaryimage\",\"url\":\"https:\\\/\\\/penhad.com\\\/wp-content\\\/uploads\\\/2023\\\/09\\\/6_XIX_Afis_Ekim_23-1-1130x650-1.jpg\",\"contentUrl\":\"https:\\\/\\\/penhad.com\\\/wp-content\\\/uploads\\\/2023\\\/09\\\/6_XIX_Afis_Ekim_23-1-1130x650-1.jpg\",\"width\":1130,\"height\":650},{\"@type\":\"BreadcrumbList\",\"@id\":\"https:\\\/\\\/penhad.com\\\/en\\\/etkinlik\\\/19th-international-marmaris-folk-fest-2023\\\/#breadcrumb\",\"itemListElement\":[{\"@type\":\"ListItem\",\"position\":1,\"name\":\"Anasayfa\",\"item\":\"https:\\\/\\\/penhad.com\\\/en\\\/\"},{\"@type\":\"ListItem\",\"position\":2,\"name\":\"Events\",\"item\":\"https:\\\/\\\/penhad.com\\\/etkinlikler\\\/\"},{\"@type\":\"ListItem\",\"position\":3,\"name\":\"19th International Marmaris Folk Fest &#8211; 2023\"}]},{\"@type\":\"WebSite\",\"@id\":\"https:\\\/\\\/penhad.com\\\/#website\",\"url\":\"https:\\\/\\\/penhad.com\\\/\",\"name\":\"PENHAD | Pendik Halk Danslar\u0131 Toplulu\u011fu Derne\u011fi\",\"description\":\"1984&#039;den Bug\u00fcne K\u00fclt\u00fcr El\u00e7isi\",\"publisher\":{\"@id\":\"https:\\\/\\\/penhad.com\\\/#organization\"},\"potentialAction\":[{\"@type\":\"SearchAction\",\"target\":{\"@type\":\"EntryPoint\",\"urlTemplate\":\"https:\\\/\\\/penhad.com\\\/?s={search_term_string}\"},\"query-input\":{\"@type\":\"PropertyValueSpecification\",\"valueRequired\":true,\"valueName\":\"search_term_string\"}}],\"inLanguage\":\"en-US\"},{\"@type\":\"Organization\",\"@id\":\"https:\\\/\\\/penhad.com\\\/#organization\",\"name\":\"PENHAD | Pendik Halk Danslar\u0131 Toplulu\u011fu Derne\u011fi\",\"url\":\"https:\\\/\\\/penhad.com\\\/\",\"logo\":{\"@type\":\"ImageObject\",\"inLanguage\":\"en-US\",\"@id\":\"https:\\\/\\\/penhad.com\\\/#\\\/schema\\\/logo\\\/image\\\/\",\"url\":\"https:\\\/\\\/penhad.com\\\/wp-content\\\/uploads\\\/2022\\\/08\\\/penha_logo_png_white_@1x.png\",\"contentUrl\":\"https:\\\/\\\/penhad.com\\\/wp-content\\\/uploads\\\/2022\\\/08\\\/penha_logo_png_white_@1x.png\",\"width\":538,\"height\":111,\"caption\":\"PENHAD | Pendik Halk Danslar\u0131 Toplulu\u011fu Derne\u011fi\"},\"image\":{\"@id\":\"https:\\\/\\\/penhad.com\\\/#\\\/schema\\\/logo\\\/image\\\/\"},\"sameAs\":[\"https:\\\/\\\/facebook.com\\\/penhadfolklor\",\"https:\\\/\\\/instagram.com\\\/penhadofficial\"]}]}<\/script>\n<!-- \/ Yoast SEO plugin. -->","yoast_head_json":{"title":"19th International Marmaris Folk Fest - 2023 - PENHAD | Pendik Halk Danslar\u0131 Toplulu\u011fu Derne\u011fi","robots":{"index":"index","follow":"follow","max-snippet":"max-snippet:-1","max-image-preview":"max-image-preview:large","max-video-preview":"max-video-preview:-1"},"canonical":"https:\/\/penhad.com\/en\/etkinlik\/19th-international-marmaris-folk-fest-2023\/","og_locale":"en_US","og_type":"article","og_title":"19th International Marmaris Folk Fest - 2023 - PENHAD | Pendik Halk Danslar\u0131 Toplulu\u011fu Derne\u011fi","og_description":"XIX. International Marmaris Folk Fest will be held between 29 August &#8211; 2 September 2023 by Gala Art Folk. During the festival the groups will perform their dances, sing songs,&hellip;","og_url":"https:\/\/penhad.com\/en\/etkinlik\/19th-international-marmaris-folk-fest-2023\/","og_site_name":"PENHAD | Pendik Halk Danslar\u0131 Toplulu\u011fu Derne\u011fi","article_publisher":"https:\/\/facebook.com\/penhadfolklor","article_modified_time":"2023-09-05T05:57:58+00:00","og_image":[{"width":1130,"height":650,"url":"https:\/\/penhad.com\/wp-content\/uploads\/2023\/09\/6_XIX_Afis_Ekim_23-1-1130x650-1.jpg","type":"image\/jpeg"}],"twitter_card":"summary_large_image","schema":{"@context":"https:\/\/schema.org","@graph":[{"@type":"WebPage","@id":"https:\/\/penhad.com\/en\/etkinlik\/19th-international-marmaris-folk-fest-2023\/","url":"https:\/\/penhad.com\/en\/etkinlik\/19th-international-marmaris-folk-fest-2023\/","name":"19th International Marmaris Folk Fest - 2023 - PENHAD | Pendik Halk Danslar\u0131 Toplulu\u011fu Derne\u011fi","isPartOf":{"@id":"https:\/\/penhad.com\/#website"},"primaryImageOfPage":{"@id":"https:\/\/penhad.com\/en\/etkinlik\/19th-international-marmaris-folk-fest-2023\/#primaryimage"},"image":{"@id":"https:\/\/penhad.com\/en\/etkinlik\/19th-international-marmaris-folk-fest-2023\/#primaryimage"},"thumbnailUrl":"https:\/\/penhad.com\/wp-content\/uploads\/2023\/09\/6_XIX_Afis_Ekim_23-1-1130x650-1.jpg","datePublished":"2023-09-05T05:40:16+00:00","dateModified":"2023-09-05T05:57:58+00:00","breadcrumb":{"@id":"https:\/\/penhad.com\/en\/etkinlik\/19th-international-marmaris-folk-fest-2023\/#breadcrumb"},"inLanguage":"en-US","potentialAction":[{"@type":"ReadAction","target":["https:\/\/penhad.com\/en\/etkinlik\/19th-international-marmaris-folk-fest-2023\/"]}]},{"@type":"ImageObject","inLanguage":"en-US","@id":"https:\/\/penhad.com\/en\/etkinlik\/19th-international-marmaris-folk-fest-2023\/#primaryimage","url":"https:\/\/penhad.com\/wp-content\/uploads\/2023\/09\/6_XIX_Afis_Ekim_23-1-1130x650-1.jpg","contentUrl":"https:\/\/penhad.com\/wp-content\/uploads\/2023\/09\/6_XIX_Afis_Ekim_23-1-1130x650-1.jpg","width":1130,"height":650},{"@type":"BreadcrumbList","@id":"https:\/\/penhad.com\/en\/etkinlik\/19th-international-marmaris-folk-fest-2023\/#breadcrumb","itemListElement":[{"@type":"ListItem","position":1,"name":"Anasayfa","item":"https:\/\/penhad.com\/en\/"},{"@type":"ListItem","position":2,"name":"Events","item":"https:\/\/penhad.com\/etkinlikler\/"},{"@type":"ListItem","position":3,"name":"19th International Marmaris Folk Fest &#8211; 2023"}]},{"@type":"WebSite","@id":"https:\/\/penhad.com\/#website","url":"https:\/\/penhad.com\/","name":"PENHAD | Pendik Halk Danslar\u0131 Toplulu\u011fu Derne\u011fi","description":"1984&#039;den Bug\u00fcne K\u00fclt\u00fcr El\u00e7isi","publisher":{"@id":"https:\/\/penhad.com\/#organization"},"potentialAction":[{"@type":"SearchAction","target":{"@type":"EntryPoint","urlTemplate":"https:\/\/penhad.com\/?s={search_term_string}"},"query-input":{"@type":"PropertyValueSpecification","valueRequired":true,"valueName":"search_term_string"}}],"inLanguage":"en-US"},{"@type":"Organization","@id":"https:\/\/penhad.com\/#organization","name":"PENHAD | Pendik Halk Danslar\u0131 Toplulu\u011fu Derne\u011fi","url":"https:\/\/penhad.com\/","logo":{"@type":"ImageObject","inLanguage":"en-US","@id":"https:\/\/penhad.com\/#\/schema\/logo\/image\/","url":"https:\/\/penhad.com\/wp-content\/uploads\/2022\/08\/penha_logo_png_white_@1x.png","contentUrl":"https:\/\/penhad.com\/wp-content\/uploads\/2022\/08\/penha_logo_png_white_@1x.png","width":538,"height":111,"caption":"PENHAD | Pendik Halk Danslar\u0131 Toplulu\u011fu Derne\u011fi"},"image":{"@id":"https:\/\/penhad.com\/#\/schema\/logo\/image\/"},"sameAs":["https:\/\/facebook.com\/penhadfolklor","https:\/\/instagram.com\/penhadofficial"]}]}},"_links":{"self":[{"href":"https:\/\/penhad.com\/en\/wp-json\/wp\/v2\/tribe_events\/23675","targetHints":{"allow":["GET"]}}],"collection":[{"href":"https:\/\/penhad.com\/en\/wp-json\/wp\/v2\/tribe_events"}],"about":[{"href":"https:\/\/penhad.com\/en\/wp-json\/wp\/v2\/types\/tribe_events"}],"author":[{"embeddable":true,"href":"https:\/\/penhad.com\/en\/wp-json\/wp\/v2\/users\/1"}],"version-history":[{"count":1,"href":"https:\/\/penhad.com\/en\/wp-json\/wp\/v2\/tribe_events\/23675\/revisions"}],"predecessor-version":[{"id":23679,"href":"https:\/\/penhad.com\/en\/wp-json\/wp\/v2\/tribe_events\/23675\/revisions\/23679"}],"wp:featuredmedia":[{"embeddable":true,"href":"https:\/\/penhad.com\/en\/wp-json\/wp\/v2\/media\/23671"}],"wp:attachment":[{"href":"https:\/\/penhad.com\/en\/wp-json\/wp\/v2\/media?parent=23675"}],"wp:term":[{"taxonomy":"post_tag","embeddable":true,"href":"https:\/\/penhad.com\/en\/wp-json\/wp\/v2\/tags?post=23675"},{"taxonomy":"tribe_events_cat","embeddable":true,"href":"https:\/\/penhad.com\/en\/wp-json\/wp\/v2\/tribe_events_cat?post=23675"}],"curies":[{"name":"wp","href":"https:\/\/api.w.org\/{rel}","templated":true}]}}

<!-- This site is optimized with the Yoast SEO plugin v27.4 - https://yoast.com/product/yoast-seo-wordpress/ -->
<title>19th International Marmaris Folk Fest - 2023 - PENHAD | Pendik Halk Dansları Topluluğu Derneği</title>
<meta name="robots" content="index, follow, max-snippet:-1, max-image-preview:large, max-video-preview:-1" />
<link rel="canonical" href="https://penhad.com/en/etkinlik/19th-international-marmaris-folk-fest-2023/" />
<meta property="og:locale" content="en_US" />
<meta property="og:type" content="article" />
<meta property="og:title" content="19th International Marmaris Folk Fest - 2023 - PENHAD | Pendik Halk Dansları Topluluğu Derneği" />
<meta property="og:description" content="XIX. International Marmaris Folk Fest will be held between 29 August &#8211; 2 September 2023 by Gala Art Folk. During the festival the groups will perform their dances, sing songs,&hellip;" />
<meta property="og:url" content="https://penhad.com/en/etkinlik/19th-international-marmaris-folk-fest-2023/" />
<meta property="og:site_name" content="PENHAD | Pendik Halk Dansları Topluluğu Derneği" />
<meta property="article:publisher" content="https://facebook.com/penhadfolklor" />
<meta property="article:modified_time" content="2023-09-05T05:57:58+00:00" />
<meta property="og:image" content="https://penhad.com/wp-content/uploads/2023/09/6_XIX_Afis_Ekim_23-1-1130x650-1.jpg" />
	<meta property="og:image:width" content="1130" />
	<meta property="og:image:height" content="650" />
	<meta property="og:image:type" content="image/jpeg" />
<meta name="twitter:card" content="summary_large_image" />
<script type="application/ld+json" class="yoast-schema-graph">{"@context":"https:\/\/schema.org","@graph":[{"@type":"WebPage","@id":"https:\/\/penhad.com\/en\/etkinlik\/19th-international-marmaris-folk-fest-2023\/","url":"https:\/\/penhad.com\/en\/etkinlik\/19th-international-marmaris-folk-fest-2023\/","name":"19th International Marmaris Folk Fest - 2023 - PENHAD | Pendik Halk Dansları Topluluğu Derneği","isPartOf":{"@id":"https:\/\/penhad.com\/#website"},"primaryImageOfPage":{"@id":"https:\/\/penhad.com\/en\/etkinlik\/19th-international-marmaris-folk-fest-2023\/#primaryimage"},"image":{"@id":"https:\/\/penhad.com\/en\/etkinlik\/19th-international-marmaris-folk-fest-2023\/#primaryimage"},"thumbnailUrl":"https:\/\/penhad.com\/wp-content\/uploads\/2023\/09\/6_XIX_Afis_Ekim_23-1-1130x650-1.jpg","datePublished":"2023-09-05T05:40:16+00:00","dateModified":"2023-09-05T05:57:58+00:00","breadcrumb":{"@id":"https:\/\/penhad.com\/en\/etkinlik\/19th-international-marmaris-folk-fest-2023\/#breadcrumb"},"inLanguage":"en-US","potentialAction":[{"@type":"ReadAction","target":["https:\/\/penhad.com\/en\/etkinlik\/19th-international-marmaris-folk-fest-2023\/"]}]},{"@type":"ImageObject","inLanguage":"en-US","@id":"https:\/\/penhad.com\/en\/etkinlik\/19th-international-marmaris-folk-fest-2023\/#primaryimage","url":"https:\/\/penhad.com\/wp-content\/uploads\/2023\/09\/6_XIX_Afis_Ekim_23-1-1130x650-1.jpg","contentUrl":"https:\/\/penhad.com\/wp-content\/uploads\/2023\/09\/6_XIX_Afis_Ekim_23-1-1130x650-1.jpg","width":1130,"height":650},{"@type":"BreadcrumbList","@id":"https:\/\/penhad.com\/en\/etkinlik\/19th-international-marmaris-folk-fest-2023\/#breadcrumb","itemListElement":[{"@type":"ListItem","position":1,"name":"Anasayfa","item":"https:\/\/penhad.com\/en\/"},{"@type":"ListItem","position":2,"name":"Events","item":"https:\/\/penhad.com\/etkinlikler\/"},{"@type":"ListItem","position":3,"name":"19th International Marmaris Folk Fest &#8211; 2023"}]},{"@type":"WebSite","@id":"https:\/\/penhad.com\/#website","url":"https:\/\/penhad.com\/","name":"PENHAD | Pendik Halk Dansları Topluluğu Derneği","description":"1984&#039;den Bugüne Kültür Elçisi","publisher":{"@id":"https:\/\/penhad.com\/#organization"},"potentialAction":[{"@type":"SearchAction","target":{"@type":"EntryPoint","urlTemplate":"https:\/\/penhad.com\/?s={search_term_string}"},"query-input":{"@type":"PropertyValueSpecification","valueRequired":true,"valueName":"search_term_string"}}],"inLanguage":"en-US"},{"@type":"Organization","@id":"https:\/\/penhad.com\/#organization","name":"PENHAD | Pendik Halk Dansları Topluluğu Derneği","url":"https:\/\/penhad.com\/","logo":{"@type":"ImageObject","inLanguage":"en-US","@id":"https:\/\/penhad.com\/#\/schema\/logo\/image\/","url":"https:\/\/penhad.com\/wp-content\/uploads\/2022\/08\/penha_logo_png_white_@1x.png","contentUrl":"https:\/\/penhad.com\/wp-content\/uploads\/2022\/08\/penha_logo_png_white_@1x.png","width":538,"height":111,"caption":"PENHAD | Pendik Halk Dansları Topluluğu Derneği"},"image":{"@id":"https:\/\/penhad.com\/#\/schema\/logo\/image\/"},"sameAs":["https:\/\/facebook.com\/penhadfolklor","https:\/\/instagram.com\/penhadofficial"]}]}</script>
<!-- / Yoast SEO plugin. -->

19th International Marmaris Folk Fest - 2023 - PENHAD | Pendik Halk Dansları Topluluğu Derneği

PENHAD | Pendik Halk Dansları Topluluğu Derneği

1984&#039;den Bugüne Kültür Elçisi
